 5*t**3 - 3*t**2 - 4*t + 15. Suppose -10*h + 74 = 4. Is i(h) prime?
False
Let k(h) = -h**3 - 27*h**2 + 12*h - 13. Let b(c) = -c**3 - 26*c**2 + 11*c - 13. Let x(z) = -5*b(z) + 4*k(z). Is x(-10) composite?
False
Suppose -d + 4 = -6. Let t be 0 - 1 - d - 0. Is (-4644)/t + 10/(-55) composite?
True
Let n(t) = 653*t + 17. Is n(10) a composite number?
False
Let a be 5*(-15)/25*1. Let x = a - -52. Is x a composite number?
True
Suppose 17*w - 28*w = -105083. Is w composite?
True
Suppose -2244 = x - 14131. Is x prime?
True
Let a(z) = z**3 - 8*z**2 + 8*z + 15. Let p be ((-32)/(-24))/(2/3). Suppose -23 = -p*r - 9. Is a(r) prime?
False
Is (72/(-16) - -5)*63110 a composite number?
True
Let u be 4/(-38) + 1 + 120/57. Suppose 4*s = -g - 0*s + 4587, 0 = u*g - s - 13709. Is g prime?
False
Let a(m) = m**3 + 42*m**2 - m - 71. Is a(-31) a prime number?
True
Let o(u) = 17*u**2 + 45*u + 46. Is o(-21) prime?
False
Is (-3 - 0) + -2 - 34*-4 a prime number?
True
Let r = 14 + -10. Suppose -5*n + r*h = -580, -h + 3*h = -4*n + 438. Is (4 - (0 + 1)) + n prime?
False
Let n be (-9)/18 - ((-2619)/(-6))/(-3). Suppose -s + 556 = -n. Is s prime?
True
Suppose 137635 = 8*w - 3*w. Is w a prime number?
True
Suppose 2*t - 164 = c, -2*c - 182 + 442 = 3*t. Suppose 3*n - 7*n + t = -5*i, -42 = -2*n - 4*i. Is n prime?
False
Is (-96464)/20*25/(-10)*1 a prime number?
False
Suppose 0*h + 5*h = -2*g + 22, -4*h - 56 = -3*g. Let y = g + -14. Suppose 3*i = -3*x + 936, -y*x + 5*x = -2*i + 629. Is i prime?
True
Let u(b) = -b**2 - 6*b + 7. Let i be u(-7). Suppose -p = -4*w + 3291, 2*w + 4*p + 210 - 1842 = i. Suppose w = 3*r - 57. Is r a prime number?
True
Let m = 5274 + -2137. Is m composite?
False
Suppose 4*x + d - 7 = 0, 4*d - 5 = -3*x - 3. Suppose -651 = -y - x*y. Is y a composite number?
True
Suppose 3*j = -9, 0 = -y - 5*j + 2879 + 699. Is y a prime number?
True
Let u(k) = -k**2 - 8*k + 14. Let h be u(-9). Let s(r) = -20*r + 1 + 4*r - h*r. Is s(-1) a composite number?
True
Let q(d) = d**3 + 28*d**2 + 25*d - 35. Let u be ((416/20)/(-4))/((-1)/(-5)). Is q(u) prime?
False
Let h = -12622 - -24154. Suppose 2420 = -8*i + h. Is i prime?
False
Suppose 0 = 3*j + j + 32. Let c be j - -7 - (1 + 22). Let i = c - -103. Is i prime?
True
Let f(c) = -c**3 - c**2 + 2*c + 2. Let q(j) = j**2 - 4*j - 6. Let r be q(5). Let s be f(r). Suppose 2*h + 0*h - 370 = s. Is h prime?
False
Suppose -3*q + 39505 = 5*g, 2*g - 95 - 15707 = -q. Is g a prime number?
True
Let q be (12/(-7))/(8/(-2828)). Suppose 2*o - q = -3*h + 4*h, 3*o - 3*h = 903. Is o composite?
True
Let o = -715 + -98. Is (o/(-4))/((-3)/(-44)) a prime number?
False
Suppose 3*t + 6*t - 18 = 0. Is (67*(t + -1))/(18/90) a composite number?
True
Suppose 5*g - 4*s - 149747 = 0, 26*s + 119798 = 4*g + 23*s. Is g a composite number?
True
Suppose -10 = 2*s - 2*f, 0*s - 5 = -4*s - f. Suppose s*g = -3*g + 1761. Is g composite?
False
Let y(t) = -6*t**2 - 6*t - 6. Let a be y(-3). Is (-65365)/(-357) - (-4)/a composite?
True
Suppose 0*c = -c + 2. Let t be -1 + 0 + (c - -2). Suppose t*i - b - 1251 = 2*b, -i = 4*b - 407. Is i a composite number?
True
Let i(g) = -35*g**3 - g**2 + 3*g + 8. Let q be i(-4). Suppose q = 4*y - 2072. Is y composite?
True
Let z be 0/14 + 2 + -1. Let r(b) = 315*b**2 - b. Is r(z) a prime number?
False
Let h = 8232 + -3795. Suppose -p - 3*b + h = -0*b, -3*b - 8892 = -2*p. Is p a composite number?
True
Suppose 2*d + 20205 = 5*k, 6*k - 4*k - 8068 = -2*d. Is k a composite number?
True
Let i(n) = 55*n**2 - 31*n + 43*n**2 + 24*n - 8. Is i(-5) composite?
False
Let r(s) = -327*s + 179. Is r(-12) a prime number?
False
Let x(j) = -383*j + 136. Is x(-41) composite?
True
Let d be 1256/1 + (-4 - -4). Is (d/(-12) + -1)*-3 composite?
False
Let y(r) = 526*r - 75. Is y(11) a prime number?
True
Suppose 61970 = 5*i - 5*p, -i - 5*p - 49580 = -5*i. Suppose -5*m - 2*k + i = 3*k, -5*m = k - 12410. Is m a composite number?
True
Let s = -1314 - -16123. Is s composite?
True
Is (3/(-6)*1)/((-4)/16408) a prime number?
False
Let r(s) = s. Let o(g) = 167*g + 7. Let c(y) = -2*o(y) + 22*r(y). Is c(-4) a prime number?
False
Suppose 0*y - 104698 = -22*y. Is y a prime number?
True
Suppose -10*v - 302031 + 1059961 = 0. Is v a composite number?
False
Let x = 65 + -56. Let z(i) = 45*i**2 + 14*i + 16. Is z(x) prime?
False
Let m = -18 - 9. Let c = 440 - m. Is c a composite number?
False
Let l be -97 + (-1)/(-4) + 33/12. Is 13/(l/(-445) + (-8)/40) a composite number?
True
Let f(y) = 16 - 72*y - 3 + 11 - 5. Is f(-10) a composite number?
False
Suppose -21*q + 219548 = -17*q. Is q prime?
False
Let g(a) = -a**2 + 8*a - 11. Let b be g(4). Suppose -7 = -4*n + b. Suppose -n*p = -5*i - 427, 4*p - 177 = 2*i + 411. Is p composite?
False
Let v = 11 + -7. Suppose f + v*f = -15. Is -1 - (f + (-20 - -1)) a composite number?
True
Let q(l) = 300*l**3 + l**2 + 7*l - 1. Let i(u) = -299*u**3 - u**2 - 6*u + 1. Let x(m) = 7*i(m) + 6*q(m). Is x(-1) prime?
True
Let t = 20788 - 9377. Is t a composite number?
False
Suppose -3*z + 21 = 4*s, -3*z + 5*s = -z - 14. Is (z - 8)*531/(-3) a composite number?
True
Suppose -23*v + 127392 + 5525 = 0. Is v a composite number?
False
Let f be 585 - (3 + 1 + 0). Let x = f - 364. Is x a composite number?
True
Suppose 0 = 4*f - 20, -2394 = -3*n + 3*f - 42. Suppose 11*v - n = 8*v. Is v a composite number?
False
Is (-40)/15 + 3 - (-107262)/27 composite?
True
Let l(j) = 132*j + 26. Let f be (36/42)/((-1)/(-7)). Is l(f) composite?
True
Let z be (-2)/(-3)*147/14. Let k(n) = -n**2 + 4*n + 10. Let i be k(z). Let d = i - -25. Is d a composite number?
True
Let z be (-5)/(-15) - (-564)/9. Let i be (0 + 2)/(2/89). Let r = i - z. Is r a composite number?
True
Suppose -13*b + 13828 + 38757 = 0. Is b a prime number?
False
Let o be (1432/6)/((-6)/27). Let b = -583 - o. Is b composite?
False
Let h(i) = -i**2 + 7*i + 5. Let p(s) = -2*s + 8. Let x be p(0). Let v be h(x). Is (-12)/8*230/v a prime number?
False
Suppose 39*v = 41*v - 10. Let y = -538 + 1550. Suppose v*d = d + y. Is d a composite number?
True
Suppose 9*o + 490 = -725. Let j = 322 - o. Is j composite?
False
Let i = 64066 + -22055. Is i a prime number?
False
Let w(g) = -689*g**2 - 16*g - 11. Let l(r) = 172*r**2 + 4*r + 3. Let k(f) = 9*l(f) + 2*w(f). Suppose 0 + 3 = b - y, 3*b - 4*y = 14. Is k(b) composite?
False
Is 30/6 - 6*-2992 prime?
True
Let y be (1/(-2))/((27/30)/(-9)). Suppose 3*o + 4*r - 4955 = 0, -o = -y*r - 1068 - 609. Is o composite?
False
Let a(i) be the second derivative of 0 + 1/3*i**3 + 1/10*i**5 - 7/12*i**4 - 7*i + 0*i**2. Is a(5) a prime number?
False
Let b(a) = 3*a - 128. Let u(p) be the second derivative of -p**2/2 + 12*p. Let x(j) = -b(j) + u(j). Is x(0) prime?
True
Suppose 0 = -3*f + 15, -r = -f + 14 - 12. Suppose r*t = -196 + 1957. Is t prime?
True
Let o(r) = 2379*r - 19. Suppose 3*t = -3*u + 6, 2 = -2*t + u + 6. Is o(t) a prime number?
False
Let d = -38328 + 65755. Is d composite?
False
Let a be (-2)/10 + 42/10. Let y(k) = 3*k**3 + k**2 - 3*k + 2. Let i be y(1). Suppose 0 = 4*w - 5*w - 2*f + 129, -i*w + 407 = -a*f. Is w prime?
False
Let i = -1782 - -12839. Suppose -5*p = -5*g - i - 13513, -g = -2*p + 9829. Is p composite?
True
Let z = -1367 + 2748. Is z a composite number?
False
Let q = 1823 - 1112. Suppose -7076 + q = -5*x. Is x a composite number?
True
Let v(p) = p**3 + 30*p**2 + 28*p + 10. Is v(-27) a prime number?
False
Suppose 6*n = -1 + 19. Suppose 211 = -n*x + 4*x. Is x prime?
True
Let c(z) be the second derivative of -z**5/20 - 7*z**4/6 + 3*z**2 + 5*z. Let q be c(-14). Is 3 + 8/q*93 a prime number?
True
Suppose 5*b - 15 = 0, -10*r = -9*r - b - 163. Suppose -633 + 205 = 4*a. Let o = a + r. Is o prime?
True
Suppose 1 + 11 = -4*n + 5*k, 0 = -2*n - 3*k + 16. Suppose -n*d = -4109 + 601. Let p = 2575 - d. Is p composite?
False
Let h(f) be the first derivative of -19*f**2/2 - 9*f - 43. Suppose -4*j = -5*d + 26, -2*j + d = -6 + 16. Is h(j) prime?
True
Is 43939 + (-2 + 0)/((-2)/4) composite?
False
Suppose -4*y = 109 - 1593. Suppose -6*s = -7*s + y. Is s prime?
False
Suppose 10*n = 5*n - 20. Is 806 - (-2)/n*-6 composite?
False
Suppose 4*z - 14 = 3*z. Let l = -4 + z. Is l/((-1)/(-7)*2) composite?
True
Suppose -4 = 3*h + h + 3*w, -5*h + 18 = -2*w. Let x(m) = 2*m**2 - m - 2. Let u be x(h). Suppose -u*g - 101 - 41 = -2*k, 